{"id":2516,"date":"2025-08-10T16:40:40","date_gmt":"2025-08-10T23:40:40","guid":{"rendered":"https:\/\/sinaloadossier.com.mx\/oficial\/?page_id=2516"},"modified":"2025-08-10T16:43:50","modified_gmt":"2025-08-10T23:43:50","slug":"carlos-velazquez","status":"publish","type":"page","link":"https:\/\/sinaloadossier.com.mx\/oficial\/carlos-velazquez\/","title":{"rendered":"CARLOS VELAZQUEZ"},"content":{"rendered":"\t\t<div data-elementor-type=\"wp-page\" data-elementor-id=\"2516\" class=\"elementor elementor-2516\">\n\t\t\t\t<div class=\"elementor-element elementor-element-eade0f8 e-flex e-con-boxed e-con e-parent\" data-id=\"eade0f8\" data-element_type=\"container\" data-e-type=\"container\">\n\t\t\t\t\t<div class=\"e-con-inner\">\n\t\t\t\t<div class=\"elementor-element elementor-element-ee2f316 eael-dual-header-content-align-center elementor-widget elementor-widget-eael-dual-color-header\" data-id=\"ee2f316\" data-element_type=\"widget\" data-e-type=\"widget\" data-widget_type=\"eael-dual-color-header.default\">\n\t\t\t\t<div class=\"elementor-widget-container\">\n\t\t\t\t\t\t\t\t<div class=\"eael-dual-header\">\n\t\t\t\t<h2 class=\"title eael-dch-title\"><span class=\"eael-dch-title-text eael-dch-title-lead lead solid-color\">CARLOS VEL\u00c1ZQUEZ<\/span> <span class=\"eael-dch-title-text\">MART\u00cdNEZ<\/span><\/h2>\t\t\t\t\t<span class=\"subtext\"><p>sinaloadossier.com.mx<\/p><\/span>\n\t\t\t\t\t\t\t<\/div>\n\n\t\t\t\t\t\t<\/div>\n\t\t\t\t<\/div>\n\t\t\t\t<div class=\"elementor-element elementor-element-8ac729a elementor-grid-eael-col-3 elementor-grid-tablet-eael-col-2 elementor-grid-mobile-eael-col-1 elementor-widget elementor-widget-eael-post-grid\" data-id=\"8ac729a\" data-element_type=\"widget\" data-e-type=\"widget\" data-settings=\"{&quot;eael_post_grid_columns&quot;:&quot;eael-col-3&quot;,&quot;eael_post_grid_columns_tablet&quot;:&quot;eael-col-2&quot;,&quot;eael_post_grid_columns_mobile&quot;:&quot;eael-col-1&quot;}\" data-widget_type=\"eael-post-grid.default\">\n\t\t\t\t<div class=\"elementor-widget-container\">\n\t\t\t\t\t<div id=\"eael-post-grid-8ac729a\" class=\"eael-post-grid-container\">\n            <div class=\"eael-post-grid eael-post-appender eael-post-appender-8ac729a eael-post-grid-style-default\" data-layout-mode=\"grid\"><article class=\"eael-grid-post eael-post-grid-column eael-pg-post-2417 category-carlos-velazquez-martinez\" data-id=\"2417\">\n        <div class=\"eael-grid-post-holder\">\n            <div class=\"eael-grid-post-holder-inner\"><div class=\"eael-entry-wrapper\"><header class=\"eael-entry-header\"><h2 class=\"eael-entry-title\"><a\n                        class=\"eael-grid-post-link\"\n                        href=\"https:\/\/sinaloadossier.com.mx\/oficial\/2025\/08\/05\/si-aloa-dossier\/\"\n                        title=\"Carro\u00f1a Medi\u00e1tica en los Casos de Vallarta y Wallace\">Carro\u00f1a Medi\u00e1tica en los Casos de Vallarta y Wallace<\/a><\/h2><\/header><div class=\"eael-entry-content\">\n                        <div class=\"eael-grid-post-excerpt\"><p>Por: Carlos Vel\u00e1zquez Mart\u00ednez Desde que la jueza titular del Juzgado Tercero de Distrito en Materia Penal con sede en Toluca, Estado de M\u00e9xico, dict\u00f3 sentencia absolutoria y orden\u00f3 la inmediata libertad de Israel Vallarta Cisneros, ninguno de los \u201ccoment\u00f3cratas\u201d...<\/p><a href=\"https:\/\/sinaloadossier.com.mx\/oficial\/2025\/08\/05\/si-aloa-dossier\/\" class=\"eael-post-elements-readmore-btn\">Leer m\u00e1s<\/a><\/div>\n                    <\/div><\/div><\/div>\n        <\/div>\n    <\/article><article class=\"eael-grid-post eael-post-grid-column eael-pg-post-1892 category-carlos-velazquez-martinez\" data-id=\"1892\">\n        <div class=\"eael-grid-post-holder\">\n            <div class=\"eael-grid-post-holder-inner\"><div class=\"eael-entry-wrapper\"><header class=\"eael-entry-header\"><h2 class=\"eael-entry-title\"><a\n                        class=\"eael-grid-post-link\"\n                        href=\"https:\/\/sinaloadossier.com.mx\/oficial\/2025\/01\/27\/de-la-exigencia-de-justicia-a-los-agoreros-del-desastre\/\"\n                        title=\"De la exigencia de justicia a los agoreros del desastre\">De la exigencia de justicia a los agoreros del desastre<\/a><\/h2><\/header><div class=\"eael-entry-content\">\n                        <div class=\"eael-grid-post-excerpt\"><p>&nbsp; &nbsp; Lo que habia iniciado como una demanda de justicia por el asesinato de dos adolescentes en Culiac\u00e1n, ha tomado tintes pol\u00edticos desde el jueves 23 de enero de 2025, cuando manifestantes incrustados en una marcha pac\u00edfica irrumpieron en...<\/p><a href=\"https:\/\/sinaloadossier.com.mx\/oficial\/2025\/01\/27\/de-la-exigencia-de-justicia-a-los-agoreros-del-desastre\/\" class=\"eael-post-elements-readmore-btn\">Leer m\u00e1s<\/a><\/div>\n                    <\/div><\/div><\/div>\n        <\/div>\n    <\/article><article class=\"eael-grid-post eael-post-grid-column eael-pg-post-1874 category-carlos-velazquez-martinez\" data-id=\"1874\">\n        <div class=\"eael-grid-post-holder\">\n            <div class=\"eael-grid-post-holder-inner\"><div class=\"eael-entry-wrapper\"><header class=\"eael-entry-header\"><h2 class=\"eael-entry-title\"><a\n                        class=\"eael-grid-post-link\"\n                        href=\"https:\/\/sinaloadossier.com.mx\/oficial\/2025\/01\/06\/el-narco-y-los-gobernadores-de-sinaloa-a-traves-de-80-anos\/\"\n                        title=\"El narco y los gobernadores de Sinaloa a trav\u00e9s de 80 a\u00f1os\">El narco y los gobernadores de Sinaloa a trav\u00e9s de 80 a\u00f1os<\/a><\/h2><\/header><div class=\"eael-entry-content\">\n                        <div class=\"eael-grid-post-excerpt\"><p>No se sabe bien a bien desde cu\u00e1ndo brot\u00f3 la violencia por el narcotr\u00e1fico en Sinaloa; si fue en 1941 en el gobierno de Rodolfo Tostado Loaiza, o en 1976 con el asesinato de Lamberto Quintero Pay\u00e1n, en el gobierno...<\/p><a href=\"https:\/\/sinaloadossier.com.mx\/oficial\/2025\/01\/06\/el-narco-y-los-gobernadores-de-sinaloa-a-traves-de-80-anos\/\" class=\"eael-post-elements-readmore-btn\">Leer m\u00e1s<\/a><\/div>\n                    <\/div><\/div><\/div>\n        <\/div>\n    <\/article><article class=\"eael-grid-post eael-post-grid-column eael-pg-post-1861 category-carlos-velazquez-martinez\" data-id=\"1861\">\n        <div class=\"eael-grid-post-holder\">\n            <div class=\"eael-grid-post-holder-inner\"><div class=\"eael-entry-wrapper\"><header class=\"eael-entry-header\"><h2 class=\"eael-entry-title\"><a\n                        class=\"eael-grid-post-link\"\n                        href=\"https:\/\/sinaloadossier.com.mx\/oficial\/2024\/12\/20\/estallo-la-bomba-en-el-futbol-mexicano-por-televisa\/\"\n                        title=\"Estall\u00f3 la Bomba en el futbol mexicano por Televisa\">Estall\u00f3 la Bomba en el futbol mexicano por Televisa<\/a><\/h2><\/header><div class=\"eael-entry-content\">\n                        <div class=\"eael-grid-post-excerpt\"><p>&nbsp; &#8211; \u00a1Me dejaste un mierdero! \u2013 le reclam\u00f3 abruptamente Emilio Azc\u00e1rraga Jean a Juan Carlos Rodriguez, mejor conocido como \u201cLa Bomba\u201d &nbsp;&nbsp;&nbsp;&nbsp;&nbsp;&nbsp;&nbsp;&nbsp;&nbsp;&nbsp;&nbsp; Sucedi\u00f3 pocas horas despues de que Rodriguez presentara su renuncia como Alto Comisionado de la Federaci\u00f3n Mexicana...<\/p><a href=\"https:\/\/sinaloadossier.com.mx\/oficial\/2024\/12\/20\/estallo-la-bomba-en-el-futbol-mexicano-por-televisa\/\" class=\"eael-post-elements-readmore-btn\">Leer m\u00e1s<\/a><\/div>\n                    <\/div><\/div><\/div>\n        <\/div>\n    <\/article><article class=\"eael-grid-post eael-post-grid-column eael-pg-post-1843 category-carlos-velazquez-martinez\" data-id=\"1843\">\n        <div class=\"eael-grid-post-holder\">\n            <div class=\"eael-grid-post-holder-inner\"><div class=\"eael-entry-wrapper\"><header class=\"eael-entry-header\"><h2 class=\"eael-entry-title\"><a\n                        class=\"eael-grid-post-link\"\n                        href=\"https:\/\/sinaloadossier.com.mx\/oficial\/2024\/12\/02\/la-violencia-del-narcotrafico-es-ciclica-como-los-ciclones\/\"\n                        title=\"La violencia del narcotr\u00e1fico, es ciclica como los ciclones\">La violencia del narcotr\u00e1fico, es ciclica como los ciclones<\/a><\/h2><\/header><div class=\"eael-entry-content\">\n                        <div class=\"eael-grid-post-excerpt\"><p>Lo peor est\u00e1 por venir, dijo do\u00f1a Aurora Fuentes L\u00f3pez viuda de Carrillo a sus cinco hijas, Alicia, Socorro, Luz Berthila y Aurora, y a m\u00e1s de 40 primos de Amado reunidos en la finca \u201cSanta Aurora\u201d un d\u00eda despues...<\/p><a href=\"https:\/\/sinaloadossier.com.mx\/oficial\/2024\/12\/02\/la-violencia-del-narcotrafico-es-ciclica-como-los-ciclones\/\" class=\"eael-post-elements-readmore-btn\">Leer m\u00e1s<\/a><\/div>\n                    <\/div><\/div><\/div>\n        <\/div>\n    <\/article><article class=\"eael-grid-post eael-post-grid-column eael-pg-post-1811 category-carlos-velazquez-martinez\" data-id=\"1811\">\n        <div class=\"eael-grid-post-holder\">\n            <div class=\"eael-grid-post-holder-inner\"><div class=\"eael-entry-wrapper\"><header class=\"eael-entry-header\"><h2 class=\"eael-entry-title\"><a\n                        class=\"eael-grid-post-link\"\n                        href=\"https:\/\/sinaloadossier.com.mx\/oficial\/2024\/11\/04\/garcia-luna-y-cuen-los-abatio-y-ahora-buscan-un-villano\/\"\n                        title=\"Garc\u00eda Luna y Cu\u00e9n los abati\u00f3 y ahora buscan un villano\">Garc\u00eda Luna y Cu\u00e9n los abati\u00f3 y ahora buscan un villano<\/a><\/h2><\/header><div class=\"eael-entry-content\">\n                        <div class=\"eael-grid-post-excerpt\"><p>Les encresp\u00f3 tanto la condena que le aplicaron a su amigo Genaro Garc\u00eda Luna, y quedaron evidenciados como los periodistas m\u00e1s corruptos y chayoteros del pa\u00eds, que ahora buscan un villano con quien desquitarse. &nbsp;&nbsp;&nbsp;&nbsp;&nbsp;&nbsp;&nbsp;&nbsp;&nbsp;&nbsp;&nbsp; Y otros bizantinos en Sinaloa,...<\/p><a href=\"https:\/\/sinaloadossier.com.mx\/oficial\/2024\/11\/04\/garcia-luna-y-cuen-los-abatio-y-ahora-buscan-un-villano\/\" class=\"eael-post-elements-readmore-btn\">Leer m\u00e1s<\/a><\/div>\n                    <\/div><\/div><\/div>\n        <\/div>\n    <\/article><article class=\"eael-grid-post eael-post-grid-column eael-pg-post-1799 category-carlos-velazquez-martinez\" data-id=\"1799\">\n        <div class=\"eael-grid-post-holder\">\n            <div class=\"eael-grid-post-holder-inner\"><div class=\"eael-entry-wrapper\"><header class=\"eael-entry-header\"><h2 class=\"eael-entry-title\"><a\n                        class=\"eael-grid-post-link\"\n                        href=\"https:\/\/sinaloadossier.com.mx\/oficial\/2024\/10\/28\/francisco-labastida-ochoa-y-el-narco\/\"\n                        title=\"Labastida Ochoa y el narco\">Labastida Ochoa y el narco<\/a><\/h2><\/header><div class=\"eael-entry-content\">\n                        <div class=\"eael-grid-post-excerpt\"><p>Francisco Buenaventura Labastida Ochoa perdi\u00f3 la memoria o no tiene verg\u00fcenza. Presenta su libro \u201cLa Duda Sistem\u00e1tica\u201d, que es una autobiograf\u00eda en donde narra sus 42 a\u00f1os dentro de la pol\u00edtica, en el Partido Revolucionario Institucional (PRI). &nbsp;&nbsp;&nbsp;&nbsp;&nbsp;&nbsp;&nbsp;&nbsp;&nbsp;&nbsp;&nbsp; Dice el...<\/p><a href=\"https:\/\/sinaloadossier.com.mx\/oficial\/2024\/10\/28\/francisco-labastida-ochoa-y-el-narco\/\" class=\"eael-post-elements-readmore-btn\">Leer m\u00e1s<\/a><\/div>\n                    <\/div><\/div><\/div>\n        <\/div>\n    <\/article><article class=\"eael-grid-post eael-post-grid-column eael-pg-post-1783 category-carlos-velazquez-martinez\" data-id=\"1783\">\n        <div class=\"eael-grid-post-holder\">\n            <div class=\"eael-grid-post-holder-inner\"><div class=\"eael-entry-wrapper\"><header class=\"eael-entry-header\"><h2 class=\"eael-entry-title\"><a\n                        class=\"eael-grid-post-link\"\n                        href=\"https:\/\/sinaloadossier.com.mx\/oficial\/2024\/10\/15\/la-violencia-que-tambaleo-al-gobernador-de-sinaloa\/\"\n                        title=\"La violencia que tambale\u00f3 al gobernador de Sinaloa\">La violencia que tambale\u00f3 al gobernador de Sinaloa<\/a><\/h2><\/header><div class=\"eael-entry-content\">\n                        <div class=\"eael-grid-post-excerpt\"><p>Aquella mitad de la d\u00e9cada de los setenta, Culiac\u00e1n se convulsionaba por la violencia que provocaban los llamados \u201cgomeros\u201d. En plena ciudad; se disputaban la plaza, a punta de metralletas, para vender la goma de amapola bajada de la sierra...<\/p><a href=\"https:\/\/sinaloadossier.com.mx\/oficial\/2024\/10\/15\/la-violencia-que-tambaleo-al-gobernador-de-sinaloa\/\" class=\"eael-post-elements-readmore-btn\">Leer m\u00e1s<\/a><\/div>\n                    <\/div><\/div><\/div>\n        <\/div>\n    <\/article><\/div>\n            <div class=\"clearfix\"><\/div>\n        <\/div>            <div class=\"eael-load-more-button-wrap eael-force-hide\">\n                <button class=\"eael-load-more-button\" id=\"eael-load-more-btn-8ac729a\" data-widget-id=\"8ac729a\" data-widget=\"8ac729a\" data-page-id=\"2516\" data-template=\"{&quot;dir&quot;:&quot;lite&quot;,&quot;file_name&quot;:&quot;default.php&quot;,&quot;name&quot;:&quot;Post-Grid&quot;}\" data-class=\"Essential_Addons_Elementor\\Elements\\Post_Grid\" data-layout=\"grid\" data-page=\"1\" data-args=\"orderby=date&amp;order=desc&amp;ignore_sticky_posts=0&amp;post_status=publish&amp;posts_per_page=8&amp;offset=0&amp;post_type=post&amp;tax_query%5B0%5D%5Btaxonomy%5D=category&amp;tax_query%5B0%5D%5Bfield%5D=term_id&amp;tax_query%5B0%5D%5Bterms%5D%5B0%5D=13&amp;tax_query%5Brelation%5D=AND\" data-max-page=\"18\">\n                    <span class=\"eael-btn-loader button__loader\"><\/span>\n                    <span class=\"eael_load_more_text\">Cargar m\u00e1s<\/span>\n                <\/button>\n            <\/div>\n            \t\t\t\t<\/div>\n\t\t\t\t<\/div>\n\t\t\t\t\t<\/div>\n\t\t\t\t<\/div>\n\t\t\t\t<\/div>\n\t\t","protected":false},"excerpt":{"rendered":"<p>CARLOS VEL\u00c1ZQUEZ MART\u00cdNEZ sinaloadossier.com.mx Carro\u00f1a Medi\u00e1tica en los Casos de Vallarta y Wallace Por: Carlos Vel\u00e1zquez Mart\u00ednez Desde que la jueza titular del Juzgado Tercero de Distrito en Materia Penal con sede en Toluca, Estado de M\u00e9xico, dict\u00f3 sentencia absolutoria y orden\u00f3 la inmediata libertad de Israel Vallarta Cisneros, ninguno de los \u201ccoment\u00f3cratas\u201d&#8230; Leer m\u00e1s [&hellip;]<\/p>\n","protected":false},"author":1,"featured_media":0,"parent":0,"menu_order":0,"comment_status":"closed","ping_status":"closed","template":"","meta":{"footnotes":""},"class_list":["post-2516","page","type-page","status-publish","hentry"],"_links":{"self":[{"href":"https:\/\/sinaloadossier.com.mx\/oficial\/wp-json\/wp\/v2\/pages\/2516","targetHints":{"allow":["GET"]}}],"collection":[{"href":"https:\/\/sinaloadossier.com.mx\/oficial\/wp-json\/wp\/v2\/pages"}],"about":[{"href":"https:\/\/sinaloadossier.com.mx\/oficial\/wp-json\/wp\/v2\/types\/page"}],"author":[{"embeddable":true,"href":"https:\/\/sinaloadossier.com.mx\/oficial\/wp-json\/wp\/v2\/users\/1"}],"replies":[{"embeddable":true,"href":"https:\/\/sinaloadossier.com.mx\/oficial\/wp-json\/wp\/v2\/comments?post=2516"}],"version-history":[{"count":7,"href":"https:\/\/sinaloadossier.com.mx\/oficial\/wp-json\/wp\/v2\/pages\/2516\/revisions"}],"predecessor-version":[{"id":2526,"href":"https:\/\/sinaloadossier.com.mx\/oficial\/wp-json\/wp\/v2\/pages\/2516\/revisions\/2526"}],"wp:attachment":[{"href":"https:\/\/sinaloadossier.com.mx\/oficial\/wp-json\/wp\/v2\/media?parent=2516"}],"curies":[{"name":"wp","href":"https:\/\/api.w.org\/{rel}","templated":true}]}}