{"id":2476,"date":"2025-08-10T14:31:40","date_gmt":"2025-08-10T21:31:40","guid":{"rendered":"https:\/\/sinaloadossier.com.mx\/oficial\/?page_id=2476"},"modified":"2025-08-10T14:46:02","modified_gmt":"2025-08-10T21:46:02","slug":"noticias","status":"publish","type":"page","link":"https:\/\/sinaloadossier.com.mx\/oficial\/noticias\/","title":{"rendered":"NOTICIAS"},"content":{"rendered":"\t\t<div data-elementor-type=\"wp-page\" data-elementor-id=\"2476\" class=\"elementor elementor-2476\">\n\t\t\t\t<div class=\"elementor-element elementor-element-eade0f8 e-flex e-con-boxed e-con e-parent\" data-id=\"eade0f8\" data-element_type=\"container\" data-e-type=\"container\">\n\t\t\t\t\t<div class=\"e-con-inner\">\n\t\t\t\t<div class=\"elementor-element elementor-element-ee2f316 eael-dual-header-content-align-center elementor-widget elementor-widget-eael-dual-color-header\" data-id=\"ee2f316\" data-element_type=\"widget\" data-e-type=\"widget\" data-widget_type=\"eael-dual-color-header.default\">\n\t\t\t\t<div class=\"elementor-widget-container\">\n\t\t\t\t\t\t\t\t<div class=\"eael-dual-header\">\n\t\t\t\t<h2 class=\"title eael-dch-title\"><span class=\"eael-dch-title-text eael-dch-title-lead lead solid-color\">Noticias<\/span> <span class=\"eael-dch-title-text\">Sinaloa Dossier<\/span><\/h2>\t\t\t\t\t<span class=\"subtext\"><p>sinaloadossier.com.mx<\/p><\/span>\n\t\t\t\t\t\t\t<\/div>\n\n\t\t\t\t\t\t<\/div>\n\t\t\t\t<\/div>\n\t\t\t\t<div class=\"elementor-element elementor-element-8ac729a elementor-grid-eael-col-4 elementor-grid-tablet-eael-col-2 elementor-grid-mobile-eael-col-1 elementor-widget elementor-widget-eael-post-grid\" data-id=\"8ac729a\" data-element_type=\"widget\" data-e-type=\"widget\" data-settings=\"{&quot;eael_post_grid_columns&quot;:&quot;eael-col-4&quot;,&quot;eael_post_grid_columns_tablet&quot;:&quot;eael-col-2&quot;,&quot;eael_post_grid_columns_mobile&quot;:&quot;eael-col-1&quot;}\" data-widget_type=\"eael-post-grid.default\">\n\t\t\t\t<div class=\"elementor-widget-container\">\n\t\t\t\t\t<div id=\"eael-post-grid-8ac729a\" class=\"eael-post-grid-container\">\n            <div class=\"eael-post-grid eael-post-appender eael-post-appender-8ac729a eael-post-grid-style-default\" data-layout-mode=\"grid\"><article class=\"eael-grid-post eael-post-grid-column eael-pg-post-3147 category-notas-sinaloa\" data-id=\"3147\">\n        <div class=\"eael-grid-post-holder\">\n            <div class=\"eael-grid-post-holder-inner\"><div class=\"eael-entry-wrapper\"><header class=\"eael-entry-header\"><h2 class=\"eael-entry-title\"><a\n                        class=\"eael-grid-post-link\"\n                        href=\"https:\/\/sinaloadossier.com.mx\/oficial\/2026\/04\/02\/identifican-cuerpo-del-octavo-minero-hallado-en-fosa-clandestina\/\"\n                        title=\"IDENTIFICAN CUERPO DEL OCTAVO MINERO HALLADO EN FOSA CLANDESTINA\">IDENTIFICAN CUERPO DEL OCTAVO MINERO HALLADO EN FOSA CLANDESTINA<\/a><\/h2><\/header><div class=\"eael-entry-content\">\n                        <div class=\"eael-grid-post-excerpt\"><p>CULIAC\u00c1N, Sin., 01 de abril de 2026.- La Fiscal\u00eda de Distrito Sur de Sinaloa inform\u00f3 que fue identificado el cuerpo del octavo minero quiera fuera privado de su libertad junto con otros nueve compa\u00f1eros el 23 de enero de 2026...<\/p><a href=\"https:\/\/sinaloadossier.com.mx\/oficial\/2026\/04\/02\/identifican-cuerpo-del-octavo-minero-hallado-en-fosa-clandestina\/\" class=\"eael-post-elements-readmore-btn\">Leer m\u00e1s<\/a><\/div>\n                    <\/div><\/div><div class=\"eael-entry-media\"><div class=\"eael-entry-overlay fade-in\"><i class=\"fas fa-long-arrow-alt-right\" aria-hidden=\"true\"><\/i><a href=\"https:\/\/sinaloadossier.com.mx\/oficial\/2026\/04\/02\/identifican-cuerpo-del-octavo-minero-hallado-en-fosa-clandestina\/\"><\/a><\/div><div class=\"eael-entry-thumbnail \">\n                <img fetchpriority=\"high\" decoding=\"async\" width=\"300\" height=\"188\" src=\"https:\/\/sinaloadossier.com.mx\/oficial\/wp-content\/uploads\/2026\/04\/9d72112b-8ece-4e72-932e-eeddc16fe547-300x188.jpg\" class=\"attachment-medium size-medium wp-image-3146\" alt=\"\" srcset=\"https:\/\/sinaloadossier.com.mx\/oficial\/wp-content\/uploads\/2026\/04\/9d72112b-8ece-4e72-932e-eeddc16fe547-300x188.jpg 300w, https:\/\/sinaloadossier.com.mx\/oficial\/wp-content\/uploads\/2026\/04\/9d72112b-8ece-4e72-932e-eeddc16fe547-768x481.jpg 768w, https:\/\/sinaloadossier.com.mx\/oficial\/wp-content\/uploads\/2026\/04\/9d72112b-8ece-4e72-932e-eeddc16fe547.jpg 934w\" sizes=\"(max-width: 300px) 100vw, 300px\" \/>\n            <\/div>\n        <\/div><\/div>\n        <\/div>\n    <\/article><article class=\"eael-grid-post eael-post-grid-column eael-pg-post-3143 category-notas-sinaloa\" data-id=\"3143\">\n        <div class=\"eael-grid-post-holder\">\n            <div class=\"eael-grid-post-holder-inner\"><div class=\"eael-entry-wrapper\"><header class=\"eael-entry-header\"><h2 class=\"eael-entry-title\"><a\n                        class=\"eael-grid-post-link\"\n                        href=\"https:\/\/sinaloadossier.com.mx\/oficial\/2026\/03\/31\/3143\/\"\n                        title=\"IDENTIFICAN A LOS 3 MINEROS QUE FALTA POR RESCATAR EN ROSARIO\">IDENTIFICAN A LOS 3 MINEROS QUE FALTA POR RESCATAR EN ROSARIO<\/a><\/h2><\/header><div class=\"eael-entry-content\">\n                        <div class=\"eael-grid-post-excerpt\"><p>CULIACAN, Sin., 31 de marzo de 2026.- Los tres mineros que falta por rescatar cumplen ya 136 horas atrapados en la mina, Los rescatistas est\u00e1n a punto de ubicarlos, pues han recorrido casi dos kil\u00f3metros de las llamadas galer\u00edas (pasadizos)...<\/p><a href=\"https:\/\/sinaloadossier.com.mx\/oficial\/2026\/03\/31\/3143\/\" class=\"eael-post-elements-readmore-btn\">Leer m\u00e1s<\/a><\/div>\n                    <\/div><\/div><div class=\"eael-entry-media\"><div class=\"eael-entry-overlay fade-in\"><i class=\"fas fa-long-arrow-alt-right\" aria-hidden=\"true\"><\/i><a href=\"https:\/\/sinaloadossier.com.mx\/oficial\/2026\/03\/31\/3143\/\"><\/a><\/div><div class=\"eael-entry-thumbnail \">\n                <img decoding=\"async\" width=\"300\" height=\"173\" src=\"https:\/\/sinaloadossier.com.mx\/oficial\/wp-content\/uploads\/2026\/03\/d9f828e3-832e-483a-8695-23d0c0dfb2c7-1-300x173.jpg\" class=\"attachment-medium size-medium wp-image-3142\" alt=\"\" srcset=\"https:\/\/sinaloadossier.com.mx\/oficial\/wp-content\/uploads\/2026\/03\/d9f828e3-832e-483a-8695-23d0c0dfb2c7-1-300x173.jpg 300w, https:\/\/sinaloadossier.com.mx\/oficial\/wp-content\/uploads\/2026\/03\/d9f828e3-832e-483a-8695-23d0c0dfb2c7-1-1024x589.jpg 1024w, https:\/\/sinaloadossier.com.mx\/oficial\/wp-content\/uploads\/2026\/03\/d9f828e3-832e-483a-8695-23d0c0dfb2c7-1-768x442.jpg 768w, https:\/\/sinaloadossier.com.mx\/oficial\/wp-content\/uploads\/2026\/03\/d9f828e3-832e-483a-8695-23d0c0dfb2c7-1.jpg 1200w\" sizes=\"(max-width: 300px) 100vw, 300px\" \/>\n            <\/div>\n        <\/div><\/div>\n        <\/div>\n    <\/article><article class=\"eael-grid-post eael-post-grid-column eael-pg-post-3140 category-nota-del-dia\" data-id=\"3140\">\n        <div class=\"eael-grid-post-holder\">\n            <div class=\"eael-grid-post-holder-inner\"><div class=\"eael-entry-wrapper\"><header class=\"eael-entry-header\"><h2 class=\"eael-entry-title\"><a\n                        class=\"eael-grid-post-link\"\n                        href=\"https:\/\/sinaloadossier.com.mx\/oficial\/2026\/03\/31\/mueren-4-policias-enboscados-en-escuinapa\/\"\n                        title=\"MUEREN 4 POLICIAS ENBOSCADOS EN ESCUINAPA\">MUEREN 4 POLICIAS ENBOSCADOS EN ESCUINAPA<\/a><\/h2><\/header><div class=\"eael-entry-content\">\n                        <div class=\"eael-grid-post-excerpt\"><p>CULIAC\u00c1N, Sin., 31 de marzo de 2026.- Un comando armado se enfrent\u00f3 a una escuadra de la Polic\u00eda Municipal de Escuinapa, el saldo fue de cuatro polic\u00edas fallecidos, entre ellos el subdirector operativo de la instituci\u00f3n y un comandante, as\u00ed...<\/p><a href=\"https:\/\/sinaloadossier.com.mx\/oficial\/2026\/03\/31\/mueren-4-policias-enboscados-en-escuinapa\/\" class=\"eael-post-elements-readmore-btn\">Leer m\u00e1s<\/a><\/div>\n                    <\/div><\/div><div class=\"eael-entry-media\"><div class=\"eael-entry-overlay fade-in\"><i class=\"fas fa-long-arrow-alt-right\" aria-hidden=\"true\"><\/i><a href=\"https:\/\/sinaloadossier.com.mx\/oficial\/2026\/03\/31\/mueren-4-policias-enboscados-en-escuinapa\/\"><\/a><\/div><div class=\"eael-entry-thumbnail \">\n                <img decoding=\"async\" width=\"300\" height=\"205\" src=\"https:\/\/sinaloadossier.com.mx\/oficial\/wp-content\/uploads\/2026\/03\/26e50640-b389-4915-9c40-4907343c2bfb-300x205.jpg\" class=\"attachment-medium size-medium wp-image-3139\" alt=\"\" srcset=\"https:\/\/sinaloadossier.com.mx\/oficial\/wp-content\/uploads\/2026\/03\/26e50640-b389-4915-9c40-4907343c2bfb-300x205.jpg 300w, https:\/\/sinaloadossier.com.mx\/oficial\/wp-content\/uploads\/2026\/03\/26e50640-b389-4915-9c40-4907343c2bfb.jpg 554w\" sizes=\"(max-width: 300px) 100vw, 300px\" \/>\n            <\/div>\n        <\/div><\/div>\n        <\/div>\n    <\/article><article class=\"eael-grid-post eael-post-grid-column eael-pg-post-3136 category-nota-del-dia\" data-id=\"3136\">\n        <div class=\"eael-grid-post-holder\">\n            <div class=\"eael-grid-post-holder-inner\"><div class=\"eael-entry-wrapper\"><header class=\"eael-entry-header\"><h2 class=\"eael-entry-title\"><a\n                        class=\"eael-grid-post-link\"\n                        href=\"https:\/\/sinaloadossier.com.mx\/oficial\/2026\/03\/30\/nunca-tuve-miedo-que-sea-lo-que-dios-quiera-dijo-el-minero-rescatado\/\"\n                        title=\"NUNCA TUVE MIEDO, QUE SEA LO QUE DIOS QUIERA DIJO EL MINERO RESCATADO\">NUNCA TUVE MIEDO, QUE SEA LO QUE DIOS QUIERA DIJO EL MINERO RESCATADO<\/a><\/h2><\/header><div class=\"eael-entry-content\">\n                        <div class=\"eael-grid-post-excerpt\"><p>CULIAC\u00c1N, Sin., 30 de marzo de 2026.- \u201c No, no nunca tuve miedo, s\u00f3lo pensaba: que sea lo que Dios quiera\u201d coment\u00f3 Jos\u00e9 Alejandro C\u00e1stulo Col\u00edn, el primero de los cuatro mineros que ha sido rescatado despu\u00e9s de estar atrapado...<\/p><a href=\"https:\/\/sinaloadossier.com.mx\/oficial\/2026\/03\/30\/nunca-tuve-miedo-que-sea-lo-que-dios-quiera-dijo-el-minero-rescatado\/\" class=\"eael-post-elements-readmore-btn\">Leer m\u00e1s<\/a><\/div>\n                    <\/div><\/div><div class=\"eael-entry-media\"><div class=\"eael-entry-overlay fade-in\"><i class=\"fas fa-long-arrow-alt-right\" aria-hidden=\"true\"><\/i><a href=\"https:\/\/sinaloadossier.com.mx\/oficial\/2026\/03\/30\/nunca-tuve-miedo-que-sea-lo-que-dios-quiera-dijo-el-minero-rescatado\/\"><\/a><\/div><div class=\"eael-entry-thumbnail \">\n                <img loading=\"lazy\" decoding=\"async\" width=\"300\" height=\"169\" src=\"https:\/\/sinaloadossier.com.mx\/oficial\/wp-content\/uploads\/2026\/03\/6aaa86b9-2981-46df-8654-305a3c9dba35-300x169.jpg\" class=\"attachment-medium size-medium wp-image-3135\" alt=\"\" srcset=\"https:\/\/sinaloadossier.com.mx\/oficial\/wp-content\/uploads\/2026\/03\/6aaa86b9-2981-46df-8654-305a3c9dba35-300x169.jpg 300w, https:\/\/sinaloadossier.com.mx\/oficial\/wp-content\/uploads\/2026\/03\/6aaa86b9-2981-46df-8654-305a3c9dba35-768x432.jpg 768w, https:\/\/sinaloadossier.com.mx\/oficial\/wp-content\/uploads\/2026\/03\/6aaa86b9-2981-46df-8654-305a3c9dba35.jpg 966w\" sizes=\"(max-width: 300px) 100vw, 300px\" \/>\n            <\/div>\n        <\/div><\/div>\n        <\/div>\n    <\/article><article class=\"eael-grid-post eael-post-grid-column eael-pg-post-3133 category-nota-del-dia\" data-id=\"3133\">\n        <div class=\"eael-grid-post-holder\">\n            <div class=\"eael-grid-post-holder-inner\"><div class=\"eael-entry-wrapper\"><header class=\"eael-entry-header\"><h2 class=\"eael-entry-title\"><a\n                        class=\"eael-grid-post-link\"\n                        href=\"https:\/\/sinaloadossier.com.mx\/oficial\/2026\/03\/30\/rescatan-con-vida-a-uno-de-los-4-mineros-atrapados-en-rosario\/\"\n                        title=\"RESCATAN CON VIDA A UNO DE LOS 4 MINEROS ATRAPADOS EN ROSARIO\">RESCATAN CON VIDA A UNO DE LOS 4 MINEROS ATRAPADOS EN ROSARIO<\/a><\/h2><\/header><div class=\"eael-entry-content\">\n                        <div class=\"eael-grid-post-excerpt\"><p>CULIAC\u00c1N, Sin., 30 de marzo de 2026.- La Coordinaci\u00f3n Nacional de Protecci\u00f3n Civil confirm\u00f3 la localizaci\u00f3n y rescate con vida de uno de los cuatro trabajadores que permanec\u00edan atrapados en la mina Santa Fe, ubicada en el municipio de El...<\/p><a href=\"https:\/\/sinaloadossier.com.mx\/oficial\/2026\/03\/30\/rescatan-con-vida-a-uno-de-los-4-mineros-atrapados-en-rosario\/\" class=\"eael-post-elements-readmore-btn\">Leer m\u00e1s<\/a><\/div>\n                    <\/div><\/div><div class=\"eael-entry-media\"><div class=\"eael-entry-overlay fade-in\"><i class=\"fas fa-long-arrow-alt-right\" aria-hidden=\"true\"><\/i><a href=\"https:\/\/sinaloadossier.com.mx\/oficial\/2026\/03\/30\/rescatan-con-vida-a-uno-de-los-4-mineros-atrapados-en-rosario\/\"><\/a><\/div><div class=\"eael-entry-thumbnail \">\n                <img loading=\"lazy\" decoding=\"async\" width=\"300\" height=\"196\" src=\"https:\/\/sinaloadossier.com.mx\/oficial\/wp-content\/uploads\/2026\/03\/fd962ba8-a438-4961-87e1-ca0a7a8df5db-300x196.jpg\" class=\"attachment-medium size-medium wp-image-3132\" alt=\"\" srcset=\"https:\/\/sinaloadossier.com.mx\/oficial\/wp-content\/uploads\/2026\/03\/fd962ba8-a438-4961-87e1-ca0a7a8df5db-300x196.jpg 300w, https:\/\/sinaloadossier.com.mx\/oficial\/wp-content\/uploads\/2026\/03\/fd962ba8-a438-4961-87e1-ca0a7a8df5db-1024x670.jpg 1024w, https:\/\/sinaloadossier.com.mx\/oficial\/wp-content\/uploads\/2026\/03\/fd962ba8-a438-4961-87e1-ca0a7a8df5db-768x503.jpg 768w, https:\/\/sinaloadossier.com.mx\/oficial\/wp-content\/uploads\/2026\/03\/fd962ba8-a438-4961-87e1-ca0a7a8df5db.jpg 1450w\" sizes=\"(max-width: 300px) 100vw, 300px\" \/>\n            <\/div>\n        <\/div><\/div>\n        <\/div>\n    <\/article><article class=\"eael-grid-post eael-post-grid-column eael-pg-post-3130 category-nota-del-dia\" data-id=\"3130\">\n        <div class=\"eael-grid-post-holder\">\n            <div class=\"eael-grid-post-holder-inner\"><div class=\"eael-entry-wrapper\"><header class=\"eael-entry-header\"><h2 class=\"eael-entry-title\"><a\n                        class=\"eael-grid-post-link\"\n                        href=\"https:\/\/sinaloadossier.com.mx\/oficial\/2026\/03\/29\/mas-de-300-rescatistas-laboran-para-liberar-a-4-mineros-atrapados\/\"\n                        title=\"M\u00c1S DE 300 RESCATISTAS LABORAN PARA LIBERAR A 4 MINEROS ATRAPADOS\">M\u00c1S DE 300 RESCATISTAS LABORAN PARA LIBERAR A 4 MINEROS ATRAPADOS<\/a><\/h2><\/header><div class=\"eael-entry-content\">\n                        <div class=\"eael-grid-post-excerpt\"><p>CULIAC\u00c1N, Sin., 29 de marzo de 2026.- M\u00e1s de 300 rescatistas de 42 diferentes instituciones realizan labores para librar a los cuatro mineros que a\u00fan permanecen atrapados en el interior de la mina que registro un derrumbe el pasado mi\u00e9rcoles...<\/p><a href=\"https:\/\/sinaloadossier.com.mx\/oficial\/2026\/03\/29\/mas-de-300-rescatistas-laboran-para-liberar-a-4-mineros-atrapados\/\" class=\"eael-post-elements-readmore-btn\">Leer m\u00e1s<\/a><\/div>\n                    <\/div><\/div><div class=\"eael-entry-media\"><div class=\"eael-entry-overlay fade-in\"><i class=\"fas fa-long-arrow-alt-right\" aria-hidden=\"true\"><\/i><a href=\"https:\/\/sinaloadossier.com.mx\/oficial\/2026\/03\/29\/mas-de-300-rescatistas-laboran-para-liberar-a-4-mineros-atrapados\/\"><\/a><\/div><div class=\"eael-entry-thumbnail \">\n                <img loading=\"lazy\" decoding=\"async\" width=\"300\" height=\"135\" src=\"https:\/\/sinaloadossier.com.mx\/oficial\/wp-content\/uploads\/2026\/03\/033a7ec0-1bb6-4f11-8969-272fa8a7eb9f-300x135.jpg\" class=\"attachment-medium size-medium wp-image-3129\" alt=\"\" srcset=\"https:\/\/sinaloadossier.com.mx\/oficial\/wp-content\/uploads\/2026\/03\/033a7ec0-1bb6-4f11-8969-272fa8a7eb9f-300x135.jpg 300w, https:\/\/sinaloadossier.com.mx\/oficial\/wp-content\/uploads\/2026\/03\/033a7ec0-1bb6-4f11-8969-272fa8a7eb9f-1024x461.jpg 1024w, https:\/\/sinaloadossier.com.mx\/oficial\/wp-content\/uploads\/2026\/03\/033a7ec0-1bb6-4f11-8969-272fa8a7eb9f-768x346.jpg 768w, https:\/\/sinaloadossier.com.mx\/oficial\/wp-content\/uploads\/2026\/03\/033a7ec0-1bb6-4f11-8969-272fa8a7eb9f-1536x692.jpg 1536w, https:\/\/sinaloadossier.com.mx\/oficial\/wp-content\/uploads\/2026\/03\/033a7ec0-1bb6-4f11-8969-272fa8a7eb9f.jpg 1600w\" sizes=\"(max-width: 300px) 100vw, 300px\" \/>\n            <\/div>\n        <\/div><\/div>\n        <\/div>\n    <\/article><article class=\"eael-grid-post eael-post-grid-column eael-pg-post-3127 category-notas-sinaloa\" data-id=\"3127\">\n        <div class=\"eael-grid-post-holder\">\n            <div class=\"eael-grid-post-holder-inner\"><div class=\"eael-entry-wrapper\"><header class=\"eael-entry-header\"><h2 class=\"eael-entry-title\"><a\n                        class=\"eael-grid-post-link\"\n                        href=\"https:\/\/sinaloadossier.com.mx\/oficial\/2026\/03\/25\/avanza-con-exito-programa-de-licencia-permanente\/\"\n                        title=\"AVANZA CON \u00c9XITO PROGRAMA DE LICENCIA PERMANENTE.\">AVANZA CON \u00c9XITO PROGRAMA DE LICENCIA PERMANENTE.<\/a><\/h2><\/header><div class=\"eael-entry-content\">\n                        <div class=\"eael-grid-post-excerpt\"><p>Culiac\u00e1n, Sinaloa, a 23 de marzo de 2026.\u2013 Un exitoso avance registr\u00f3 el programa temporal de Licencias Permanentes durante sus primeros d\u00edas, destac\u00f3 este lunes el Gobernador Rub\u00e9n Rocha Moya, en el marco de su Conferencia Semanera. El n\u00famero de...<\/p><a href=\"https:\/\/sinaloadossier.com.mx\/oficial\/2026\/03\/25\/avanza-con-exito-programa-de-licencia-permanente\/\" class=\"eael-post-elements-readmore-btn\">Leer m\u00e1s<\/a><\/div>\n                    <\/div><\/div><div class=\"eael-entry-media\"><div class=\"eael-entry-overlay fade-in\"><i class=\"fas fa-long-arrow-alt-right\" aria-hidden=\"true\"><\/i><a href=\"https:\/\/sinaloadossier.com.mx\/oficial\/2026\/03\/25\/avanza-con-exito-programa-de-licencia-permanente\/\"><\/a><\/div><div class=\"eael-entry-thumbnail \">\n                <img loading=\"lazy\" decoding=\"async\" width=\"201\" height=\"166\" src=\"https:\/\/sinaloadossier.com.mx\/oficial\/wp-content\/uploads\/2026\/03\/417c1a46-e64f-4290-9902-28b074fea970.jpg\" class=\"attachment-medium size-medium wp-image-3126\" alt=\"\" \/>\n            <\/div>\n        <\/div><\/div>\n        <\/div>\n    <\/article><article class=\"eael-grid-post eael-post-grid-column eael-pg-post-3124 category-nota-del-dia\" data-id=\"3124\">\n        <div class=\"eael-grid-post-holder\">\n            <div class=\"eael-grid-post-holder-inner\"><div class=\"eael-entry-wrapper\"><header class=\"eael-entry-header\"><h2 class=\"eael-entry-title\"><a\n                        class=\"eael-grid-post-link\"\n                        href=\"https:\/\/sinaloadossier.com.mx\/oficial\/2026\/03\/25\/entregan-las-primeras-viviendas-para-el-bienestar-en-los-mochis\/\"\n                        title=\"ENTREGAN LAS PRIMERAS VIVIENDAS PARA EL BIENESTAR, EN LOS MOCHIS\">ENTREGAN LAS PRIMERAS VIVIENDAS PARA EL BIENESTAR, EN LOS MOCHIS<\/a><\/h2><\/header><div class=\"eael-entry-content\">\n                        <div class=\"eael-grid-post-excerpt\"><p>LOS MOCHIS, Sin., 25 de marzo de 2026.- Las primeras 40 viviendas del programa Vivienda para el Bienestar fueron entregadas hoy a los beneficiarios en el fraccionamiento Nuevo Horizonte. A trav\u00e9s de una transmisi\u00f3n directa desde la conferencia La Ma\u00f1anera...<\/p><a href=\"https:\/\/sinaloadossier.com.mx\/oficial\/2026\/03\/25\/entregan-las-primeras-viviendas-para-el-bienestar-en-los-mochis\/\" class=\"eael-post-elements-readmore-btn\">Leer m\u00e1s<\/a><\/div>\n                    <\/div><\/div><div class=\"eael-entry-media\"><div class=\"eael-entry-overlay fade-in\"><i class=\"fas fa-long-arrow-alt-right\" aria-hidden=\"true\"><\/i><a href=\"https:\/\/sinaloadossier.com.mx\/oficial\/2026\/03\/25\/entregan-las-primeras-viviendas-para-el-bienestar-en-los-mochis\/\"><\/a><\/div><div class=\"eael-entry-thumbnail \">\n                <img loading=\"lazy\" decoding=\"async\" width=\"300\" height=\"207\" src=\"https:\/\/sinaloadossier.com.mx\/oficial\/wp-content\/uploads\/2026\/03\/106472c7-462f-4881-a723-5c9168559d81-300x207.jpg\" class=\"attachment-medium size-medium wp-image-3123\" alt=\"\" srcset=\"https:\/\/sinaloadossier.com.mx\/oficial\/wp-content\/uploads\/2026\/03\/106472c7-462f-4881-a723-5c9168559d81-300x207.jpg 300w, https:\/\/sinaloadossier.com.mx\/oficial\/wp-content\/uploads\/2026\/03\/106472c7-462f-4881-a723-5c9168559d81-1024x707.jpg 1024w, https:\/\/sinaloadossier.com.mx\/oficial\/wp-content\/uploads\/2026\/03\/106472c7-462f-4881-a723-5c9168559d81-768x530.jpg 768w, https:\/\/sinaloadossier.com.mx\/oficial\/wp-content\/uploads\/2026\/03\/106472c7-462f-4881-a723-5c9168559d81.jpg 1275w\" sizes=\"(max-width: 300px) 100vw, 300px\" \/>\n            <\/div>\n        <\/div><\/div>\n        <\/div>\n    <\/article><\/div>\n            <div class=\"clearfix\"><\/div>\n        <\/div>            <div class=\"eael-load-more-button-wrap eael-force-hide\">\n                <button class=\"eael-load-more-button\" id=\"eael-load-more-btn-8ac729a\" data-widget-id=\"8ac729a\" data-widget=\"8ac729a\" data-page-id=\"2476\" data-template=\"{&quot;dir&quot;:&quot;lite&quot;,&quot;file_name&quot;:&quot;default.php&quot;,&quot;name&quot;:&quot;Post-Grid&quot;}\" data-class=\"Essential_Addons_Elementor\\Elements\\Post_Grid\" data-layout=\"grid\" data-page=\"1\" data-args=\"orderby=date&amp;order=desc&amp;ignore_sticky_posts=0&amp;post_status=publish&amp;posts_per_page=8&amp;offset=0&amp;post_type=post&amp;tax_query%5B0%5D%5Btaxonomy%5D=category&amp;tax_query%5B0%5D%5Bfield%5D=term_id&amp;tax_query%5B0%5D%5Bterms%5D%5B0%5D=3&amp;tax_query%5Brelation%5D=AND\" data-max-page=\"116\">\n                    <span class=\"eael-btn-loader button__loader\"><\/span>\n                    <span class=\"eael_load_more_text\">Cargar m\u00e1s<\/span>\n                <\/button>\n            <\/div>\n            \t\t\t\t<\/div>\n\t\t\t\t<\/div>\n\t\t\t\t\t<\/div>\n\t\t\t\t<\/div>\n\t\t\t\t<\/div>\n\t\t","protected":false},"excerpt":{"rendered":"<p>Noticias Sinaloa Dossier sinaloadossier.com.mx RUTA CICLISTA A ALTATA. LOS DEPORTISTAS LO VALEN TODO CULIAC\u00c1N, Sin., 10 de agosto de 2025.- En el marco del D\u00eda Internacional de la Juventud, y con el deporte como una herramienta para prevenir adicciones, concientizando sobre los riesgos del consumo de sustancias nocivas, fomentando alternativas sanas, recreativas y&#8230; Leer m\u00e1s [&hellip;]<\/p>\n","protected":false},"author":1,"featured_media":0,"parent":0,"menu_order":0,"comment_status":"closed","ping_status":"closed","template":"","meta":{"footnotes":""},"class_list":["post-2476","page","type-page","status-publish","hentry"],"_links":{"self":[{"href":"https:\/\/sinaloadossier.com.mx\/oficial\/wp-json\/wp\/v2\/pages\/2476","targetHints":{"allow":["GET"]}}],"collection":[{"href":"https:\/\/sinaloadossier.com.mx\/oficial\/wp-json\/wp\/v2\/pages"}],"about":[{"href":"https:\/\/sinaloadossier.com.mx\/oficial\/wp-json\/wp\/v2\/types\/page"}],"author":[{"embeddable":true,"href":"https:\/\/sinaloadossier.com.mx\/oficial\/wp-json\/wp\/v2\/users\/1"}],"replies":[{"embeddable":true,"href":"https:\/\/sinaloadossier.com.mx\/oficial\/wp-json\/wp\/v2\/comments?post=2476"}],"version-history":[{"count":6,"href":"https:\/\/sinaloadossier.com.mx\/oficial\/wp-json\/wp\/v2\/pages\/2476\/revisions"}],"predecessor-version":[{"id":2482,"href":"https:\/\/sinaloadossier.com.mx\/oficial\/wp-json\/wp\/v2\/pages\/2476\/revisions\/2482"}],"wp:attachment":[{"href":"https:\/\/sinaloadossier.com.mx\/oficial\/wp-json\/wp\/v2\/media?parent=2476"}],"curies":[{"name":"wp","href":"https:\/\/api.w.org\/{rel}","templated":true}]}}